?
67
In base 16, what is -19b + -5?
-1a0
In base 9, what is 153 + -213?
-50
In base 11, what is -a2 + -13?
-105
In base 5, what is 0 - -101422?
101422
In base 14, what is -81 + -9?
-8a
In base 14, what is -5 - -2d4?
2cd
In base 15, what is 9401 + 2?
9403
In base 2, what is 111011001001 - -11?
111011001100
In base 7, what is 2551 - -1?
2552
In base 15, what is 1 + e2?
e3
In base 6, what is 343 - -5?
352
In base 2, what is -100 + -1011000?
-1011100
In base 5, what is -14430 + 40?
-14340
In base 14, what is -132 - 52?
-184
In base 9, what is 12 - -16?
28
In base 11, what is -321 + -4?
-325
In base 7, what is 6 + -410?
-401
In base 13, what is 92 + 183?
245
In base 15, what is 39d - a?
393
In base 13, what is 4 - 63?
-5c
In base 14, what is 12 + -12?
0
In base 6, what is 3011 - -23?
3034
In base 3, what is -1100222121 - -1?
-1100222120
In base 12, what is -1 + 59?
58
In base 4, what is -21122 + -11?
-21133
In base 9, what is -553 - 15?
-568
In base 2, what is -100101 - 1?
-100110
In base 10, what is 2 + 301?
303
In base 9, what is 131 + -5?
125
In base 8, what is 1014 + 0?
1014
In base 6, what is -3 + -153?
-200
In base 10, what is 7 - -631?
638
In base 9, what is -1 - 434?
-435
In base 7, what is 150 + -24?
123
In base 8, what is -50 - 531?
-601
In base 13, what is 4 + -4c?
-48
In base 4, what is 21 + -2133?
-2112
In base 2, what is 10101011110101 + 0?
10101011110101
In base 4, what is -23 + -3?
-32
In base 10, what is -287 + -3?
-290
In base 14, what is 10 + -191?
-181
In base 7, what is 4206 - 3?
4203
In base 14, what is 1dd4 - -2?
1dd6
In base 16, what is -1 + -a4?
-a5
In base 5, what is -10 - -1340?
1330
In base 7, what is -11 - -132?
121
In base 10, what is 24 - 4?
20
In base 12, what is 3 - b61?
-b5a
In base 4, what is 33012 + 2?
33020
In base 16, what is -b45 - -2?
-b43
In base 10, what is 3 + 172?
175
In base 11, what is 27 + 99?
115
In base 7, what is 2110 + 4?
2114
In base 12, what is 4 - -1?
5
In base 6, what is 2 - -1323?
1325
In base 14, what is -4 + 68?
64
In base 16, what is -1 - 448?
-449
In base 12, what is 292 - -1?
293
In base 11, what is 120a + 6?
1215
In base 14, what is 5 + 47?
4c
In base 9, what is 30 + 3?
33
In base 13, what is 2 + aa?
ac
In base 5, what is 341 - -3?
344
In base 6, what is 11 + -3351?
-3340
In base 7, what is 6226 + 0?
6226
In base 6, what is 11 + 1045?
1100
In base 9, what is 184 - -1?
185
In base 14, what is -2 + 102?
100
In base 3, what is 12 + -201000?
-200211
In base 3, what is 101 - -20212?
21020
In base 4, what is -321002 + 1?
-321001
In base 2, what is -1111 - 10110?
-100101
In base 7, what is -4 + 1?
-3
In base 7, what is -4 + -356?
-363
In base 16, what is 97 + 2?
99
In base 5, what is -1310 - 13?
-1323
In base 16, what is -1d + c6?
a9
In base 16, what is -74 + 2a?
-4a
In base 6, what is -4 - -4351?
4343
In base 5, what is -104 - 4?
-113
In base 10, what is 4 + -148?
-144
In base 8, what is -11 + -22?
-33
In base 9, what is -10 + -10?
-20
In base 11, what is 71 - 175?
-104
In base 10, what is -6 - -150?
144
In base 11, what is -3 + 1a9?
1a6
In base 7, what is 30 + -235?
-205
In base 5, what is -23440 - 2?
-23442
In base 14, what is d4 + 5?
d9
In base 6, what is -2 - 142?
-144
In base 5, what is -10 - 21?
-31
In base 9, what is 1656 - 4?
1652
In base 8, what is -275 - 24?
-321
In base 3, what is -10 - 212022?
-212102
In base 14, what is -76c + 3?
-769
In base 9, what is 100 + -111?
-11
In base 13, what is 8 + 1?
9
In base 14, what is -37a + -1?
-37b
In base 2, what is 11 - 11000001100?
-11000001001
In base 5, what is 141 - -100?
241
In base 6, what is 1 - -34140?
34141
In base 2, what is -11111011 - 101?
-100000000
In base 8, what is 0 - 713?
-713
In base 16, what is -15 + -2?
-17
In base 11, what is 117 + 2?
119
In base 10, what is -1627 - 3?
-1630
In base 6, what is -5 - -412?
403
In base 16, what is 6 + -8e?
-88
In base 14, what is 1b62 - -3?
1b65
In base 14, what is 1214 - -1?
1215
In base 8, what is -1 - -32?
31
In base 2, what is -101001 + -1110?
-110111
In base 15, what is -1 + 3a?
39
In base 7, what is 400 - 1?
366
In base 5, what is -42 - 442?
-1034
In base 6, what is 0 - -425?
425
In base 11, what is -1 - -8?
7
In base 16, what is -5 - 14e?
-153
In base 5, what is 4 - -4?
13
In base 6, what is 134 + -11?
123
In base 14, what is 3 - -43?
46
In base 3, what is 20 + -1012?
-222
In base 10, what is -594 - -18?
-576
In base 6, what is -4 - -2113?
2105
In base 10, what is 0 + 172?
172
In base 3, what is 1 + 211001?
211002
In base 16, what is 1 + -98?
-97
In base 4, what is -200 + -1201?
-2001
In base 4, what is 2310 + 2?
2312
In base 10, what is 601 + 4?
605
In base 15, what is -bc + 2?
-ba
In base 4, what is 10013 + -23?
3330
In base 5, what is 320 - -4?
324
In base 5, what is 3211 - 12?
3144
In base 5, what is 122 - -4142?
4314
In base 15, what is 8 - -4a?
53
In base 11, what is -34 - 31?
-65
In base 12, what is 5 + 586?
58b
In base 7, what is -5 - 550?
-555
In base 8, what is -5 - 1721?
-1726
In base 12, what is -3b + 8?
-33
In base 7, what is 4 - -4345?
4352
In base 8, what is 154 - -4?
160
In base 9, what is -12 - 15?
-27
In base 4, what is 3 - -220?
223
In base 8, what is -706 + -3?
-711
In base 13, what is 4638 - -5?
4640
In base 3, what is 10 - 10022201?
-10022121
In base 15, what is -5 - -19?
14
In base 16, what is 4 + 17?
1b
In base 10, what is -5 - -303?
298
In base 13, what is 3 - -456a?
4570
In base 3, what is -2 + 1210?
1201
In base 15, what is -10 - -3d?
2d
In base 14, what is -45 - 11?
-56
In base 2, what is 100100 - 110?
11110
In base 2, what is -1000001101 + -101?
-1000010010
In base 12, what is 330 - -4?
334
In base 2, what is 1011 - -11001?
100100
In base 12, what is 0 + 17ab?
17ab
In base 3, what is 121 + -1210?
-1012
In base 7, what is -2 - 1650?
-1652
In base 5, what is -10 - 32304?
-32314
In base 4, what is -32102 - -31?
-32011
In base 15, what is -106 - -9?
-ec
In base 9, what is 3 - 1331?
-1327
In base 6, what is 454 - 1?
453
In base 10, what is 1889 + -5?
1884
In base 7, what is -1 - -1636?
1635
In base 6, what is 1 + 155?
200
In base 14, what is -60 - -6?
-58
In base 7, what is -12 + -3?
-15
In base 2, what is 10100 + 11100100?
11111000
In base 13, what is -9 + -79a?
-7a6
In base 10, what is 71 + 32?
103
In base 11, what is -1 + 2?
1
In base 16, what is -3ac - -5?
-3a7
In base 4, what is 100 + 101?
201
In base 6, what is 100 + 2?
102
In base 9, what is -2626 + 12?
-2614
In base 5, what is 20 + -230?
-210
In base 7, what is 5 - -355?
363
In base 9, what is 254 + -3?
251
In base 3, what is -122002 + 0?
-122002
In base 14, what is -1 - -91?
90
In base 6, what is 55 + -25?
30
In base 3, what is 1 + -20221221?
-20221220
In base 4, what is 3 - -20112?
20121
In base 13, what is -6 - 9?
-12
In base 10, what is 3762 - -3?
3765
In base 7, what is 333 - -106?
442
In base 8, what is 0 + -1?
-1
In base 4, what is 220 - -2?
222
In base 16, what is 2 - -88d?
88f
In base 7, what is 100 + -16?
51
In base 16, what is 3 - -8?
b
In base 15, what is -3 - -1a?
17
In base 12, what is 80a - 2?
808
In base 11, what is 123 + 5?
128
In base 9, what is 0 + 71?
71
In base 12, what is 277 + -9?
26a
In base 15, what is -13 - 15?
-28
In base 9, what is 4 + 3?
7
In base 11, what is -5 + 10?
6
In base 4, what is 10 - -1212?
1222
In base 6, what is -2 - -31?
25
In base 6, what is -33 + -1225?
-1302
In base 16, what is 245 - 5?
240
In base 12, what is 1 + 28?
29
In base 11, what is 51 + -21?
30
In base 12, what is -5 + 11a?
115
In base 2, what is 1101110 - -1?
1101111
In base 8, what is -5 + 3440?
3433
In base 5, what is -101 - -300?
144
In base 7, what is -15 + -45?
-63
In base 10, what is 4568 - -3?
4571
In base 7, what is 25430 + 0?
25430
In base 4, what is -23 + -220?
-303
In base 12, what is -a64 - -2?
-a62
In base 5, what is 323 + 1?
324
In base 2, what is -1110 + 111?
-111
In base 9, what is -1356 - -11?
-1345
In base 6, what is -44 - -3?
-41
In base 14, what is -1893 - 1?
-1894
In base 10, what is -115 + -9?
-124
In base 4, what is -3 - -3303?
3300
In base 3, what is -21022212 - -2?
-21022210
In base 15, what is 5e3 - -1?
5e4
In base 11, what is -253 - -1?
-252
In base 13, what is -a8 + -7?
-b2
In base 10, what is -1 - 61?
-62
In base 9, what is 717 - 7?
710
In base 16, what is -2 - 86?
-